{"id":31,"date":"2026-03-29T16:36:12","date_gmt":"2026-03-29T16:36:12","guid":{"rendered":"https:\/\/www.damiertolosa.com\/?page_id=31"},"modified":"2026-03-30T10:09:34","modified_gmt":"2026-03-30T10:09:34","slug":"lien","status":"publish","type":"page","link":"https:\/\/www.damiertolosa.com\/index.php\/lien\/","title":{"rendered":"Liens"},"content":{"rendered":"\n<h1 class=\"wp-block-heading has-text-align-center\">Liens<\/h1>\n\n\n\n<h2 class=\"wp-block-heading\" style=\"padding-top:var(--wp--preset--spacing--10);padding-bottom:0\">Les sites&nbsp;Internet&nbsp;pour jouer en ligne<\/h2>\n\n\n\n<div class=\"wp-block-columns is-layout-flex wp-container-core-columns-is-layout-28f84493 wp-block-columns-is-layout-flex\">\n<div class=\"wp-block-column is-layout-flow wp-block-column-is-layout-flow\" style=\"flex-basis:10%\">\n<figure class=\"wp-block-image size-full is-resized\"><a href=\"https:\/\/lidraughts.org\/\"><img loading=\"lazy\" decoding=\"async\" width=\"512\" height=\"512\" src=\"http:\/\/www.damiertolosa.com\/wp-content\/uploads\/2026\/03\/lidraughts.png\" alt=\"\" class=\"wp-image-67\" style=\"width:66px;height:auto\" srcset=\"https:\/\/www.damiertolosa.com\/wp-content\/uploads\/2026\/03\/lidraughts.png 512w, https:\/\/www.damiertolosa.com\/wp-content\/uploads\/2026\/03\/lidraughts-300x300.png 300w, https:\/\/www.damiertolosa.com\/wp-content\/uploads\/2026\/03\/lidraughts-150x150.png 150w\" sizes=\"auto, (max-width: 512px) 100vw, 512px\" \/><\/a><\/figure>\n<\/div>\n\n\n\n<div class=\"wp-block-column is-layout-flow wp-block-column-is-layout-flow\" style=\"flex-basis:66.66%\">\n<p style=\"padding-top:var(--wp--preset--spacing--10);font-size:clamp(0.984rem, 0.984rem + ((1vw - 0.2rem) * 0.842), 1.5rem);\"><a href=\"https:\/\/lidraughts.org\/\">Lidraughts<\/a><\/p>\n<\/div>\n<\/div>\n\n\n\n<div class=\"wp-block-columns is-layout-flex wp-container-core-columns-is-layout-28f84493 wp-block-columns-is-layout-flex\">\n<div class=\"wp-block-column is-layout-flow wp-block-column-is-layout-flow\" style=\"flex-basis:10%\">\n<div class=\"wp-block-columns is-layout-flex wp-container-core-columns-is-layout-28f84493 wp-block-columns-is-layout-flex\">\n<div class=\"wp-block-column is-layout-flow wp-block-column-is-layout-flow\" style=\"flex-basis:100%\">\n<figure class=\"wp-block-image size-full is-resized\"><a href=\"https:\/\/www.playok.com\/fr\/dames100\/\"><img loading=\"lazy\" decoding=\"async\" width=\"81\" height=\"80\" src=\"http:\/\/www.damiertolosa.com\/wp-content\/uploads\/2026\/03\/play.gif\" alt=\"\" class=\"wp-image-71\" style=\"aspect-ratio:1.0127002735443533;width:65px;height:auto\"\/><\/a><\/figure>\n<\/div>\n<\/div>\n<\/div>\n\n\n\n<div class=\"wp-block-column is-layout-flow wp-block-column-is-layout-flow\" style=\"flex-basis:66.66%\">\n<p style=\"padding-top:var(--wp--preset--spacing--10);font-size:clamp(0.984rem, 0.984rem + ((1vw - 0.2rem) * 0.842), 1.5rem);\"><a href=\"https:\/\/www.playok.com\/fr\/dames100\/\">Playok<\/a><\/p>\n<\/div>\n<\/div>\n\n\n\n<h2 class=\"wp-block-heading\" style=\"padding-top:var(--wp--preset--spacing--30);padding-bottom:0\">Les f\u00e9d\u00e9rations <\/h2>\n\n\n\n<div class=\"wp-block-columns is-layout-flex wp-container-core-columns-is-layout-28f84493 wp-block-columns-is-layout-flex\">\n<div class=\"wp-block-column is-layout-flow wp-block-column-is-layout-flow\" style=\"flex-basis:10%\">\n<figure class=\"wp-block-image size-full is-resized\"><a href=\"https:\/\/www.ffjd.fr\/\"><img loading=\"lazy\" decoding=\"async\" width=\"1000\" height=\"1000\" src=\"http:\/\/www.damiertolosa.com\/wp-content\/uploads\/2026\/03\/Logo-FFJD.png\" alt=\"\" class=\"wp-image-66\" style=\"width:81px;height:auto\" srcset=\"https:\/\/www.damiertolosa.com\/wp-content\/uploads\/2026\/03\/Logo-FFJD.png 1000w, https:\/\/www.damiertolosa.com\/wp-content\/uploads\/2026\/03\/Logo-FFJD-300x300.png 300w, https:\/\/www.damiertolosa.com\/wp-content\/uploads\/2026\/03\/Logo-FFJD-150x150.png 150w, https:\/\/www.damiertolosa.com\/wp-content\/uploads\/2026\/03\/Logo-FFJD-768x768.png 768w\" sizes=\"auto, (max-width: 1000px) 100vw, 1000px\" \/><\/a><\/figure>\n<\/div>\n\n\n\n<div class=\"wp-block-column is-layout-flow wp-block-column-is-layout-flow\" style=\"flex-basis:66.66%\">\n<p style=\"padding-top:0;font-size:clamp(0.984rem, 0.984rem + ((1vw - 0.2rem) * 0.842), 1.5rem);\"><a href=\"https:\/\/www.ffjd.fr\/\">F\u00e9d\u00e9ration Fran\u00e7aise du jeu de dames <\/a><\/p>\n<\/div>\n<\/div>\n\n\n\n<div class=\"wp-block-columns is-layout-flex wp-container-core-columns-is-layout-28f84493 wp-block-columns-is-layout-flex\">\n<div class=\"wp-block-column is-layout-flow wp-block-column-is-layout-flow\" style=\"flex-basis:20%\">\n<figure class=\"wp-block-image size-full\"><a href=\"https:\/\/ffjdi64-144.sportsregions.fr\/\"><img loading=\"lazy\" decoding=\"async\" width=\"253\" height=\"60\" src=\"http:\/\/www.damiertolosa.com\/wp-content\/uploads\/2026\/03\/ffjdi.gif\" alt=\"\" class=\"wp-image-70\"\/><\/a><\/figure>\n<\/div>\n\n\n\n<div class=\"wp-block-column is-layout-flow wp-block-column-is-layout-flow\" style=\"flex-basis:66.66%\">\n<p style=\"padding-top:var(--wp--preset--spacing--10);font-size:clamp(0.984rem, 0.984rem + ((1vw - 0.2rem) * 0.842), 1.5rem);\"><a href=\"https:\/\/ffjdi64-144.sportsregions.fr\/\">F\u00e9d\u00e9ration Fran\u00e7aise des jeux de dames internationaux<\/a><\/p>\n<\/div>\n<\/div>\n\n\n\n<h2 class=\"wp-block-heading\" style=\"padding-top:var(--wp--preset--spacing--20)\">Les clubs<\/h2>\n\n\n\n<div class=\"wp-block-columns is-layout-flex wp-container-core-columns-is-layout-28f84493 wp-block-columns-is-layout-flex\">\n<div class=\"wp-block-column is-layout-flow wp-block-column-is-layout-flow\" style=\"flex-basis:10%\">\n<figure class=\"wp-block-image size-full\"><a href=\"https:\/\/echecslardenne.fr\/\"><img loading=\"lazy\" decoding=\"async\" width=\"80\" height=\"80\" src=\"http:\/\/www.damiertolosa.com\/wp-content\/uploads\/2026\/03\/metl.gif\" alt=\"\" class=\"wp-image-72\"\/><\/a><\/figure>\n<\/div>\n\n\n\n<div class=\"wp-block-column is-layout-flow wp-block-column-is-layout-flow\" style=\"flex-basis:66.66%\">\n<p style=\"font-size:clamp(0.984rem, 0.984rem + ((1vw - 0.2rem) * 0.842), 1.5rem);\"><a href=\"https:\/\/echecslardenne.fr\/\">Maison des \u00e9checs Toulouse larden<\/a>ne<\/p>\n<\/div>\n<\/div>\n\n\n\n<div class=\"wp-block-columns is-layout-flex wp-container-core-columns-is-layout-28f84493 wp-block-columns-is-layout-flex\">\n<div class=\"wp-block-column is-layout-flow wp-block-column-is-layout-flow\" style=\"flex-basis:10%\">\n<figure class=\"wp-block-image size-full is-resized\"><a href=\"http:\/\/damier31.free.fr\/\"><img loading=\"lazy\" decoding=\"async\" width=\"228\" height=\"221\" src=\"http:\/\/www.damiertolosa.com\/wp-content\/uploads\/2026\/03\/images.jpg\" alt=\"\" class=\"wp-image-65\" style=\"aspect-ratio:1.0318419991938734;width:71px;height:auto\"\/><\/a><\/figure>\n<\/div>\n\n\n\n<div class=\"wp-block-column is-layout-flow wp-block-column-is-layout-flow\" style=\"flex-basis:66.66%\">\n<p style=\"padding-top:var(--wp--preset--spacing--10);font-size:clamp(0.984rem, 0.984rem + ((1vw - 0.2rem) * 0.842), 1.5rem);\"><a href=\"http:\/\/damier31.free.fr\/\">Club damier Toulousain<\/a> <\/p>\n<\/div>\n<\/div>\n\n\n\n<h2 class=\"wp-block-heading\" style=\"padding-top:var(--wp--preset--spacing--20);padding-bottom:0\">Violence dans le sport<\/h2>\n\n\n\n<div class=\"wp-block-columns is-layout-flex wp-container-core-columns-is-layout-28f84493 wp-block-columns-is-layout-flex\">\n<div class=\"wp-block-column is-layout-flow wp-block-column-is-layout-flow\" style=\"flex-basis:10%\">\n<figure class=\"wp-block-image size-full is-resized\"><a href=\"https:\/\/www.sports.gouv.fr\/signaler-une-violence-501\"><img loading=\"lazy\" decoding=\"async\" width=\"525\" height=\"676\" src=\"http:\/\/www.damiertolosa.com\/wp-content\/uploads\/2026\/03\/carton-rouge.png\" alt=\"\" class=\"wp-image-64\" style=\"aspect-ratio:0.7766990291262136;width:61px;height:auto\" srcset=\"https:\/\/www.damiertolosa.com\/wp-content\/uploads\/2026\/03\/carton-rouge.png 525w, https:\/\/www.damiertolosa.com\/wp-content\/uploads\/2026\/03\/carton-rouge-233x300.png 233w\" sizes=\"auto, (max-width: 525px) 100vw, 525px\" \/><\/a><\/figure>\n<\/div>\n\n\n\n<div class=\"wp-block-column is-layout-flow wp-block-column-is-layout-flow\" style=\"flex-basis:66.66%\">\n<p style=\"padding-top:var(--wp--preset--spacing--10);font-size:clamp(0.984rem, 0.984rem + ((1vw - 0.2rem) * 0.842), 1.5rem);\"><a href=\"https:\/\/www.sports.gouv.fr\/signaler-une-violence-501\">Signaler une violence<\/a><\/p>\n<\/div>\n<\/div>\n\n\n\n<p><\/p>\n","protected":false},"excerpt":{"rendered":"<p>Liens Les sites&nbsp;Internet&nbsp;pour jouer en ligne Lidraughts Playok Les f\u00e9d\u00e9rations F\u00e9d\u00e9ration Fran\u00e7aise du jeu de dames F\u00e9d\u00e9ration Fran\u00e7aise des jeux de dames internationaux Les clubs Maison des \u00e9checs Toulouse lardenne Club damier Toulousain Violence dans le sport Signaler une violence<\/p>\n","protected":false},"author":2,"featured_media":0,"parent":0,"menu_order":0,"comment_status":"closed","ping_status":"closed","template":"","meta":{"footnotes":""},"class_list":["post-31","page","type-page","status-publish","hentry"],"_links":{"self":[{"href":"https:\/\/www.damiertolosa.com\/index.php\/wp-json\/wp\/v2\/pages\/31","targetHints":{"allow":["GET"]}}],"collection":[{"href":"https:\/\/www.damiertolosa.com\/index.php\/wp-json\/wp\/v2\/pages"}],"about":[{"href":"https:\/\/www.damiertolosa.com\/index.php\/wp-json\/wp\/v2\/types\/page"}],"author":[{"embeddable":true,"href":"https:\/\/www.damiertolosa.com\/index.php\/wp-json\/wp\/v2\/users\/2"}],"replies":[{"embeddable":true,"href":"https:\/\/www.damiertolosa.com\/index.php\/wp-json\/wp\/v2\/comments?post=31"}],"version-history":[{"count":17,"href":"https:\/\/www.damiertolosa.com\/index.php\/wp-json\/wp\/v2\/pages\/31\/revisions"}],"predecessor-version":[{"id":164,"href":"https:\/\/www.damiertolosa.com\/index.php\/wp-json\/wp\/v2\/pages\/31\/revisions\/164"}],"wp:attachment":[{"href":"https:\/\/www.damiertolosa.com\/index.php\/wp-json\/wp\/v2\/media?parent=31"}],"curies":[{"name":"wp","href":"https:\/\/api.w.org\/{rel}","templated":true}]}}